{"id":625321,"date":"2026-01-30T14:45:15","date_gmt":"2026-01-30T13:45:15","guid":{"rendered":"https:\/\/www.test.ginzinger.bike\/?product=vent-moto-baja-rr-125-4t-125-cm%c2%b3"},"modified":"2026-01-30T14:45:34","modified_gmt":"2026-01-30T13:45:34","slug":"vent-moto-baja-rr-125-4t-125-cm%c2%b3","status":"publish","type":"product","link":"https:\/\/ginzinger.bike\/?product=vent-moto-baja-rr-125-4t-125-cm%c2%b3","title":{"rendered":"BAJA RR 125 4T"},"content":{"rendered":"<p>Die 125er VENT ist das perfekte Motorrad f\u00fcr alle, die starke Emotionen erleben wollen. Der ultraleichte, aber robuste und erneuerte VENT 6.0-Rahmen aus Aluminium , die hydraulische Upside-down-Gabel mit \u00d8 41 mm-R16V Gabelholmen , die in Vorspannung und Zugstufe einstellbar ist, kombiniert mit dem hydraulischen Monoshock, der in Vorspannung, Zug- und Druckstufe einstellbar ist, mit separatem Gastank und HM-link 2.0-Gest\u00e4nge, machen dieses reine Enduro-Bike zu einem extrem leistungsstarken Fahrzeug auf jedem noch so schwierigen Terrain. Bei dem Motor handelt es sich um den temperamentvollen Minarelli 125 4-Takt-Motor mit Euro 5-Homologation , ein brandneues Aggregat, das sich durch hohe Leistung bei geringem Kraftstoffverbrauch und niedrigen Emissionen auszeichnet, auch dank des raffinierten variablen Steuerungssystems. Die Bremsen sind dank der \u00fcberdimensionierten Bremsanlage mit einer 260-mm-Wave-Scheibe mit schwimmend gelagertem 2-Kolben-Sattel vorne und einer 220-mm-Wave-Scheibe mit schwimmend gelagertem Sattel hinten, beide mit \u00fcberdimensioniertem BCA-Hauptzylinder , stets leistungsstark. Weitere Merkmale sind das CBS-System f\u00fcr kombiniertes Bremsen, die neue Anti-Rutsch-Kupplung, die jederzeit f\u00fcr pr\u00e4zises Bremsen sorgt, und der sch\u00f6ne 28-mm-Lenker in Black Finish mit speziellen Lenkplatten. Die BAJA RR 125 eignet sich perfekt f\u00fcr unbefestigte Stra\u00dfen, aber auch f\u00fcr den t\u00e4glichen Gebrauch in der Stadt.<\/p>\n","protected":false},"excerpt":{"rendered":"<p>Die 125er VENT ist das perfekt : MY 2026<\/p>\n","protected":false},"featured_media":618174,"comment_status":"closed","ping_status":"open","template":"","meta":{"_acf_changed":false},"product_brand":[328],"product_cat":[333,155],"product_tag":[],"class_list":{"0":"post-625321","1":"product","2":"type-product","3":"status-publish","4":"has-post-thumbnail","6":"product_brand-vent","7":"product_cat-vent","8":"product_cat-zweirad","9":"pa_biketyp-enduro","10":"pa_hubraum-125-cm","12":"first","13":"instock","14":"sale","15":"product-type-simple"},"acf":[],"_links":{"self":[{"href":"https:\/\/ginzinger.bike\/index.php?rest_route=\/wp\/v2\/product\/625321","targetHints":{"allow":["GET"]}}],"collection":[{"href":"https:\/\/ginzinger.bike\/index.php?rest_route=\/wp\/v2\/product"}],"about":[{"href":"https:\/\/ginzinger.bike\/index.php?rest_route=\/wp\/v2\/types\/product"}],"replies":[{"embeddable":true,"href":"https:\/\/ginzinger.bike\/index.php?rest_route=%2Fwp%2Fv2%2Fcomments&post=625321"}],"wp:featuredmedia":[{"embeddable":true,"href":"https:\/\/ginzinger.bike\/index.php?rest_route=\/wp\/v2\/media\/618174"}],"wp:attachment":[{"href":"https:\/\/ginzinger.bike\/index.php?rest_route=%2Fwp%2Fv2%2Fmedia&parent=625321"}],"wp:term":[{"taxonomy":"product_brand","embeddable":true,"href":"https:\/\/ginzinger.bike\/index.php?rest_route=%2Fwp%2Fv2%2Fproduct_brand&post=625321"},{"taxonomy":"product_cat","embeddable":true,"href":"https:\/\/ginzinger.bike\/index.php?rest_route=%2Fwp%2Fv2%2Fproduct_cat&post=625321"},{"taxonomy":"product_tag","embeddable":true,"href":"https:\/\/ginzinger.bike\/index.php?rest_route=%2Fwp%2Fv2%2Fproduct_tag&post=625321"}],"curies":[{"name":"wp","href":"https:\/\/api.w.org\/{rel}","templated":true}]}}