{"id":764818,"date":"2026-02-18T03:31:13","date_gmt":"2026-02-18T02:31:13","guid":{"rendered":"https:\/\/www.test.ginzinger.bike\/?product=villach-aprilia-tuono-v4-1100-factory"},"modified":"2026-02-18T03:31:13","modified_gmt":"2026-02-18T02:31:13","slug":"villach-aprilia-tuono-v4-1100-factory-3442757","status":"publish","type":"product","link":"https:\/\/ginzinger.bike\/?product=villach-aprilia-tuono-v4-1100-factory-3442757","title":{"rendered":"Tuono V4 1100 Factory"},"content":{"rendered":"<p>Vorf\u00fchrmotorrad ! Statt Listenpreis 27.990,- !<\/p>\n<p>Hyper Nakedbike mit Top Austattung!<\/p>\n<p>inkl. Elektronisches \u00d6HLINS Fahrwerk!<br \/>\u00d6hlins Federbein!<br \/>Brembo Bremsanlage!<br \/>Quickshifter inkl. Blipper!<br \/>Tempomat!<br \/>AWC-Aprilia Wheelie Control!<br \/>ALC-Aprilia Launch Control!<br \/>LED-Tagfahrlicht inkl. Kurvenlicht!<br \/>ABS inkl. Kurven ABS!<br \/>uvm &#8230;!<\/p>\n<p>Finanzierung inkl. Totalschadenkasko m\u00f6glich!<\/p>\n<p>INFOS:<br \/>+43 4242 325 97 519 Pascal &#038; Edi<br \/>+43 4242 325 97 518 Manuel<br \/>oder villach@ginzinger.at<\/p>\n<p>Eintausch oder Ankauf deines Bikes ist m\u00f6glich.<br \/>Weitere Gebrauchtmotorr\u00e4der unter www.ginzinger.at<br \/>9500 Villach, Ossiacher-Zeile 16<br \/>Tippfehler, Irrt\u00fcmer und \u00c4nderungen vorbehalten!<br \/>Anti-\u00dcberschlag-Kontrolle<br \/>Elektronisches Fahrwerk<br \/>Fahrmodi<br \/>Kurven-ABS<br \/>Launchcontrol<br \/>Ride by Wire<br \/>Schaltassistent mit Blipper<br \/>Wheelie Kontrolle<br \/>\n<!--more--><br \/>\nKontaktformular der Filiale \/ Infos direkter Kontaktlink<\/p>\n","protected":false},"excerpt":{"rendered":"<p>Vorf\u00fchrmotorrad ! Statt Listenpreis 27.990,- ! Hyper Nakedbike mit Top Austattung! inkl. Elektronisches \u00d6HLINS Fahrwerk!\u00d6hlins Federbein!Brembo Bremsanlage!Quickshifter inkl. Blipper!Tempomat!AWC-Aprilia Wheelie Control!ALC-Aprilia Launch Control!LED-Tagfahrlicht inkl. Kurvenlicht!ABS inkl. Kurven ABS!uvm &#8230;! Finanzierung inkl. Totalschadenkasko m\u00f6glich! INFOS:+43 4242 325 97 519 Pascal &#038; Edi+43 4242 325 97 518 Manueloder villach@ginzinger.at Eintausch oder Ankauf deines Bikes ist m\u00f6glich.Weitere Gebrauchtmotorr\u00e4der [&hellip;]<\/p>\n","protected":false},"featured_media":764819,"comment_status":"closed","ping_status":"open","template":"","meta":{"_acf_changed":false},"product_brand":[212],"product_cat":[221,281,155],"product_tag":[214,592,213],"class_list":{"0":"post-764818","1":"product","2":"type-product","3":"status-publish","4":"has-post-thumbnail","6":"product_brand-aprilia","7":"product_cat-aprilia","8":"product_cat-gm","9":"product_cat-zweirad","10":"product_tag-aprilia","11":"product_tag-naked-bike","12":"product_tag-villach","13":"pa_biketyp-naked-bike","14":"pa_hubraumklasse-901-bis-1200","15":"pa_kw-klasse-ueber-120","16":"pa_zustand-gm","18":"first","19":"instock","20":"product-type-simple"},"acf":[],"_links":{"self":[{"href":"https:\/\/ginzinger.bike\/index.php?rest_route=\/wp\/v2\/product\/764818","targetHints":{"allow":["GET"]}}],"collection":[{"href":"https:\/\/ginzinger.bike\/index.php?rest_route=\/wp\/v2\/product"}],"about":[{"href":"https:\/\/ginzinger.bike\/index.php?rest_route=\/wp\/v2\/types\/product"}],"replies":[{"embeddable":true,"href":"https:\/\/ginzinger.bike\/index.php?rest_route=%2Fwp%2Fv2%2Fcomments&post=764818"}],"wp:featuredmedia":[{"embeddable":true,"href":"https:\/\/ginzinger.bike\/index.php?rest_route=\/wp\/v2\/media\/764819"}],"wp:attachment":[{"href":"https:\/\/ginzinger.bike\/index.php?rest_route=%2Fwp%2Fv2%2Fmedia&parent=764818"}],"wp:term":[{"taxonomy":"product_brand","embeddable":true,"href":"https:\/\/ginzinger.bike\/index.php?rest_route=%2Fwp%2Fv2%2Fproduct_brand&post=764818"},{"taxonomy":"product_cat","embeddable":true,"href":"https:\/\/ginzinger.bike\/index.php?rest_route=%2Fwp%2Fv2%2Fproduct_cat&post=764818"},{"taxonomy":"product_tag","embeddable":true,"href":"https:\/\/ginzinger.bike\/index.php?rest_route=%2Fwp%2Fv2%2Fproduct_tag&post=764818"}],"curies":[{"name":"wp","href":"https:\/\/api.w.org\/{rel}","templated":true}]}}