{"id":764948,"date":"2026-02-18T03:31:21","date_gmt":"2026-02-18T02:31:21","guid":{"rendered":"https:\/\/www.test.ginzinger.bike\/?product=villach-suzuki-gsx-s1000gx"},"modified":"2026-02-18T03:31:21","modified_gmt":"2026-02-18T02:31:21","slug":"villach-suzuki-gsx-s1000gx-3442795","status":"publish","type":"product","link":"https:\/\/ginzinger.bike\/?product=villach-suzuki-gsx-s1000gx-3442795","title":{"rendered":"GSX-S1000GX"},"content":{"rendered":"<p>Vorf\u00fchrmotorrad inkl. 1 Service!<\/p>\n<p>Top Sporttourer!<\/p>\n<p>inkl. Elektronischem Fahrwerk!<br \/>verschiedene Fahrmodi!<br \/>Traktionskontrolle!<br \/>Tempomat!<br \/>APP Connect!<br \/>ABS!<\/p>\n<p>Finanzierung inkl. Totalschadenkasko m\u00f6glich!<\/p>\n<p>INFOS:<br \/>+43 4242 325 97 519 Pascal &#038; Edi<br \/>+43 4242 325 97 518 Manuel<br \/>oder villach@ginzinger.at<\/p>\n<p>Eintausch oder Ankauf deines Bikes ist m\u00f6glich.<br \/>Weitere Gebrauchtmotorr\u00e4der unter www.ginzinger.at<br \/>9500 Villach, Ossiacher-Zeile 16<br \/>Tippfehler, Irrt\u00fcmer und \u00c4nderungen vorbehalten!<br \/>Berg-AnfahrhHilfe<br \/>Elektronisches Fahrwerk<br \/>Fahrmodi<br \/>Kurven-ABS<br \/>Ride by Wire<br \/>Schaltassistent mit Blipper<br \/>\n<!--more--><br \/>\nKontaktformular der Filiale \/ Infos direkter Kontaktlink<\/p>\n","protected":false},"excerpt":{"rendered":"<p>Vorf\u00fchrmotorrad inkl. 1 Service! Top Sporttourer! inkl. Elektronischem Fahrwerk!verschiedene Fahrmodi!Traktionskontrolle!Tempomat!APP Connect!ABS! Finanzierung inkl. Totalschadenkasko m\u00f6glich! INFOS:+43 4242 325 97 519 Pascal &#038; Edi+43 4242 325 97 518 Manueloder villach@ginzinger.at Eintausch oder Ankauf deines Bikes ist m\u00f6glich.Weitere Gebrauchtmotorr\u00e4der unter www.ginzinger.at9500 Villach, Ossiacher-Zeile 16Tippfehler, Irrt\u00fcmer und \u00c4nderungen vorbehalten!Berg-AnfahrhHilfeElektronisches FahrwerkFahrmodiKurven-ABSRide by WireSchaltassistent mit Blipper<\/p>\n","protected":false},"featured_media":764949,"comment_status":"closed","ping_status":"open","template":"","meta":{"_acf_changed":false},"product_brand":[283],"product_cat":[281,566,155],"product_tag":[594,284,213],"class_list":{"0":"post-764948","1":"product","2":"type-product","3":"status-publish","4":"has-post-thumbnail","6":"product_brand-suzuki","7":"product_cat-gm","8":"product_cat-suzuki","9":"product_cat-zweirad","10":"product_tag-sporttourer","11":"product_tag-suzuki","12":"product_tag-villach","13":"pa_biketyp-sporttourer","14":"pa_hubraumklasse-901-bis-1200","15":"pa_kw-klasse-71-bis-120","16":"pa_zustand-gm","18":"first","19":"instock","20":"product-type-simple"},"acf":[],"_links":{"self":[{"href":"https:\/\/ginzinger.bike\/index.php?rest_route=\/wp\/v2\/product\/764948","targetHints":{"allow":["GET"]}}],"collection":[{"href":"https:\/\/ginzinger.bike\/index.php?rest_route=\/wp\/v2\/product"}],"about":[{"href":"https:\/\/ginzinger.bike\/index.php?rest_route=\/wp\/v2\/types\/product"}],"replies":[{"embeddable":true,"href":"https:\/\/ginzinger.bike\/index.php?rest_route=%2Fwp%2Fv2%2Fcomments&post=764948"}],"wp:featuredmedia":[{"embeddable":true,"href":"https:\/\/ginzinger.bike\/index.php?rest_route=\/wp\/v2\/media\/764949"}],"wp:attachment":[{"href":"https:\/\/ginzinger.bike\/index.php?rest_route=%2Fwp%2Fv2%2Fmedia&parent=764948"}],"wp:term":[{"taxonomy":"product_brand","embeddable":true,"href":"https:\/\/ginzinger.bike\/index.php?rest_route=%2Fwp%2Fv2%2Fproduct_brand&post=764948"},{"taxonomy":"product_cat","embeddable":true,"href":"https:\/\/ginzinger.bike\/index.php?rest_route=%2Fwp%2Fv2%2Fproduct_cat&post=764948"},{"taxonomy":"product_tag","embeddable":true,"href":"https:\/\/ginzinger.bike\/index.php?rest_route=%2Fwp%2Fv2%2Fproduct_tag&post=764948"}],"curies":[{"name":"wp","href":"https:\/\/api.w.org\/{rel}","templated":true}]}}